)). Suppose k*u + u - 5*o = 12, 3*o - 37 = -2*u. Let j = u - -76. Is j composite?
True
Let b(v) = v**3 - 7*v**2 - 11*v - 6. Let l be b(9). Suppose 3*q + 4*x = q - 52, 5*q - x + 86 = 0. Let h = l + q. Is h a prime number?
False
Suppose -2600 = -4*z + 2*n, 9*z - 6*z - n - 1949 = 0. Is z a prime number?
False
Let t be 0/((1 - 0)*-1). Let d = -1 - 1. Is d + t + (37 - -2) a prime number?
True
Suppose -5*p - 2*z = 0, p - 3*z = -4*z - 3. Suppose -2*g = 3*a - 1025, p*a - 10 = -0. Is g a prime number?
False
Let q be 16/(-12)*(-50 + -1). Let r = 151 - q. Is r a prime number?
True
Let t be (2/3)/(2/6). Suppose 0 = -4*l - 3*c + 16, 8 = 3*l - l - t*c. Suppose l*k - 81 = 43. Is k a composite number?
False
Suppose -5*m - b + 957 = -1091, -m + 400 = -3*b. Is m composite?
False
Suppose i + 0*i = 4. Suppose -3*o + 3*v + 50 = -2*o, -i*v + 215 = 3*o. Is o a composite number?
True
Suppose 4*y - 40 = -4*q, -q + 2*y = 4*q - 29. Suppose 3*u = -4*l + 29, 3*l + 7*u - 2*u - 19 = 0. Let i = l + q. Is i a composite number?
True
Suppose -267 = -h - 2*h. Suppose -6*n + 4*n + 5*k = -66, 5*k = 3*n - h. Is n a prime number?
True
Let o(i) = -i**3 - i**2 + 3*i. Let d be o(-6). Suppose d + 90 = 3*x. Suppose -32 = 4*f - x. Is f a prime number?
True
Let l(c) = c. Let u = -1 - -7. Let o be l(u). Suppose -2*g = -o, -h - 51 = -3*h + 5*g. Is h prime?
False
Let w = 3 - 9. Let i(z) = -3*z**3 + 0*z**3 - 1 + 6 + z**3 - 10*z**2 - 7*z. Is i(w) prime?
False
Let a(p) = -p**2 - 8*p + 1. Let k be a(-9). Is (-37 - 0)/(k/40) a prime number?
False
Suppose -155 = -2*i - w, -5*i - 2*w = -w - 392. Is i prime?
True
Let h = 1097 + -262. Is h prime?
False
Suppose 0 = -c - 2*c + 12. Suppose -5*z - 470 = -5*d, 0 = 5*d - c*z - 125 - 348. Is d prime?
True
Suppose -222 - 374 = -4*n. Is n composite?
False
Let w = 132 - -155. Is w a prime number?
False
Let p(t) = -2*t**3 + 3*t**2 + 4*t + 2. Suppose 3*h - 2*h = -3. Is p(h) prime?
True
Let o(f) = 15*f**2 + 34*f - 45. Is o(16) a prime number?
True
Let p(w) = 47*w**2 - 1. Let z be p(-2). Suppose -x + 0*x + 38 = -v, 0 = -4*v - 3*x - z. Let k = 10 - v. Is k a composite number?
False
Suppose 23567 = 6*s - 36451. Is s a composite number?
True
Suppose -3*y + 5 = -2*y. Suppose 0 = -4*w + 2*w + 4. Let p = y - w. Is p prime?
True
Let r be (-4)/6*(-30)/4. Let p(a) = 2*a**3 - 6*a**2 - 3*a + 4. Is p(r) a prime number?
True
Let z(n) = -1070*n**3 - n**2 + 3*n + 3. Is z(-1) a prime number?
True
Let m be (-6 + 0)*(-10)/4. Let p be (-1 + 15)*m/(-10). Let a = 16 - p. Is a a prime number?
True
Let w = -356 + 613. Is w prime?
True
Let s(x) = -x. Let b be s(-4). Let r = 173 + -92. Suppose -b*k = -3 - r. Is k prime?
False
Is (-9507)/(-5) - (-2)/(-5) a composite number?
False
Suppose -13004 = 95*q - 99*q. Is q a composite number?
False
Suppose 1 = q - 2. Is ((-1)/q)/((-1)/42) prime?
False
Let k = 26 + -21. Suppose -4*j = -k*j + 161. Is j a composite number?
True
Let v(u) be the second derivative of 59*u**4/12 + u**3/6 + u**2/2 + u. Suppose -3*n + 2 = -2*d + 5, -2*n - 2 = 4*d. Is v(n) prime?
True
Let v be -5*1*(0 - 1). Let l = 86 + -60. Suppose 4*t = 3*h - 35, v*t - l = -h - 3*h. Is h composite?
True
Suppose 117 = -4*s + 5137. Is s a prime number?
False
Is (-5)/(-2) - 1179/(-6) a prime number?
True
Suppose -3*c = 4*n + 4 - 27, 2*n = -2*c + 12. Suppose n*q - 298 = 507. Is q prime?
False
Let w = 3358 - -1377. Is w a prime number?
False
Suppose -i + 2*i + 2835 = 0. Let r be i + (0 - 3)*1. Is 4/10 + r/(-30) composite?
True
Is (-66)/44 + 2725/2 a composite number?
False
Is ((-259)/(-1))/(-10 - -11) a composite number?
True
Let w(h) = 3*h**3 - 10*h**2 + 8*h + 4. Let y(t) = -7*t**3 + 21*t**2 - 16*t - 8. Let q(v) = 9*w(v) + 4*y(v). Let f be q(-7). Is (10/f)/((-4)/186) prime?
False
Let u be 3*7/3*2. Suppose -2*o = -3*o + u. Is o composite?
True
Is 41108/10 + (-2)/(-10) a prime number?
True
Suppose -a - 2*v + 2 = 0, -5*a - 5*v + 6 = -4. Let l be (a + 4)*(-352)/3. Let w = -493 - l. Is w a composite number?
False
Suppose 24*v - 29*v + 5015 = 0. Is v a composite number?
True
Let y = 563 - 228. Is y composite?
True
Let k = 2785 + -1698. Is k composite?
False
Let d = -66 - -85. Is d composite?
False
Let h(t) = 10*t**3 + 14*t**2 + 13*t + 16. Let a(x) = 7*x**3 + 9*x**2 + 9*x + 11. Let b(g) = 7*a(g) - 5*h(g). Is b(-7) a composite number?
False
Let n(v) = 3*v + 4*v**2 - 4*v**2 + v**2. Let j be n(-10). Suppose c - 7 = j. Is c composite?
True
Let j = -230 + 431. Is j a composite number?
True
Let c = 7 - 4. Is c/6 + 105/2 composite?
False
Let k be (-3 + 1)/(3/93). Let i be 6/(-1 + 4/(-8)). Let u = i - k. Is u a prime number?
False
Suppose 2*v - 418 = t, -1692 = 3*t + t + 2*v. Is (2 - 4)*t/4 prime?
True
Suppose -3*f + 5*g = -0*f - 46, 3*f = -g + 16. Let z = f + -3. Suppose 0 = -2*x + 3*o + 238, 2*x - 4*x + 238 = z*o. Is x a composite number?
True
Let q(r) = 3*r**2 + r - 1. Let v(u) = 10*u**2 + 2*u - 2. Let f(b) = 7*q(b) - 2*v(b). Is f(7) composite?
False
Suppose 3*g + 3*k = 0, 0*k = -4*g + 4*k + 40. Suppose -g*d + 168 + 7 = 0. Is d composite?
True
Let w be (-774)/(-10) + (-4)/10. Let b = w + -54. Suppose -5*n = t - 39, -5*n + 0*n + 3*t + b = 0. Is n composite?
False
Let n(w) = -w + 3. Let v = -4 + 9. Let o be n(v). Is (1 + 0)*o - -17 a prime number?
False
Let u = 109 - -148. Is u a composite number?
False
Suppose 323 = g + 6*r - 4*r, -1268 = -4*g + 4*r. Is g a composite number?
True
Let k = 12 + 19. Suppose 5*g + 96 = -2*x - 12, 3*x = -3*g - 72. Let f = g + k. Is f prime?
True
Suppose n = -1, 2*y - n - 11 = -0*y. Suppose -20 = -5*w, 0 = y*v - 3*w + 4*w - 54. Is v/(-3)*84/(-8) prime?
False
Is (-1)/(3/33)*-17 prime?
False
Let x = 4 + -2. Suppose -x*i + 16 = -u - 52, 3*i + 53 = -u. Let a = -41 - u. Is a prime?
False
Let t(h) = -3 + 0 + 4*h - 3 + 1. Is t(7) prime?
True
Is ((-95)/20)/((-3)/60) composite?
True
Let b = -6 - -11. Let c(q) = 32*q + 4. Let s be c(3). Suppose s = 2*w + 4*f - 2*f, 4*f - 246 = -b*w. Is w a composite number?
True
Suppose 10*a + 12665 = 15*a. Is a composite?
True
Let s be (48/(-36))/(2/(-6)). Let l(k) = 23*k + 1. Is l(s) prime?
False
Is (-20790)/(-56) - (-1)/(-4) composite?
True
Let j(b) = b**3 + b**2 + 14. Let g be j(0). Let o be (1/3)/((-7)/483). Let r = g - o. Is r a composite number?
False
Suppose 3*m - 10 = -3*h + 7*h, 2*m + 12 = -2*h. Let r be 2/(m - 0)*-98. Suppose -3*q = r - 263. Is q composite?
True
Let l(v) = 20*v - 1 + 1 + 4*v - 2. Let y be l(-2). Is -3 - (y + 2/2) a prime number?
False
Suppose 3*h = 4*r - 1324, 3*r - r + h = 662. Is r a composite number?
False
Let g(w) = -w**2 + 17*w - 7. Let h be (1/(-3) + -1)*-9. Is g(h) a prime number?
True
Let z = 3 - 1. Let d be (-1 - 521*-3)/z. Is 4/18 - d/(-9) prime?
False
Suppose 2*v + 532 = -5*q + 5*v, -2*q + 2*v = 216. Let c be (6/(-24))/(2/q). Let h = c + -3. Is h prime?
False
Is 2/3*(-4206)/(-4) a composite number?
False
Let v(o) = 112*o**2 - 2*o + 1. Let s be v(1). Suppose -2*b + s = b. Is b a prime number?
True
Let s = 1478 + -891. Is s a prime number?
True
Let c = 11081 - 7048. Is c composite?
True
Suppose -4*q + 52 = -3*q. Let v = 86 - q. Is v prime?
False
Let l = 17 + -27. Let n = -4 - l. Is n a prime number?
False
Let o(r) = -32*r**3 - 2*r**2 - 3*r - 3. Is o(-2) prime?
True
Let p = -10 - -13. Suppose p*i = 2*i + 13. Is i a prime number?
True
Suppose -3 = 5*p - 18. Suppose 322 = 5*n + o, -3*n - o - 2*o = -186. Suppose -n = -2*t + 2*v - v, 0 = -p*t + v + 98. Is t a composite number?
True
Let m = 3 - 0. Is (m + -2)/(1/145) a prime number?
False
Let s(q) = -q + 2. Let f be s(0). Suppose 2*g = 3*i - g, -4*g = -f*i + 10. Is 35 - i/((-5)/(-2)) a prime number?
True
Let w = 1 - 1. Suppose 15 = 5*o - w*o. Is 39 - -2*o/(-3) a prime number?
True
Let j be (-14)/(-3) + (-2)/3. Let y be (-1 + (-5)/4)*j. Is (-1 - 1)/(6/y) composite?
False
Let v(l) = -l + 3. Suppose b + o = -8, -4*b - 5*o - 9 - 24 = 0. Is v(b) composite?
True
Let a(b) = -b**3 + 3*b**2 + 2*b - 3. Let n be a(3). Suppose -n*o - 4 - 3 = -d, 0 = 2*d - 5*o - 17. Suppose -2*j - 2*j = -d. Is j composite?
True
Suppose -5*u = -173 + 53. Suppose 189 + u = j. Is j a composite number?
True
Let u = -2 - -5. Suppose u*h - 90 = 252. Suppose -3*n = 5*f - 2*n - h, -n - 24 = -f. Is f a prime number?
True
Suppose -3*o + 180 = o. Suppose 3*f - 3*i = o, i - 12 = -2*i. Suppose -f = -j + 43. Is j 